{"id":18366,"date":"2026-01-13T19:10:57","date_gmt":"2026-01-13T18:10:57","guid":{"rendered":"https:\/\/masteringenieros.com\/tienda\/producto\/receptor-exterior-aereo-mi-rc\/"},"modified":"2026-01-20T15:33:30","modified_gmt":"2026-01-20T14:33:30","slug":"receptor-exterior-aereo-mi-rc","status":"publish","type":"product","link":"https:\/\/masteringenieros.com\/tienda\/producto\/receptor-exterior-aereo-mi-rc\/","title":{"rendered":"Receptor exterior a\u00e9reo MI-RC"},"content":{"rendered":"","protected":false},"excerpt":{"rendered":"<p>El receptor exterior a\u00e9reo MI-RC es un dispositivo especialmente dise\u00f1ado para gestionar se\u00f1ales inal\u00e1mbricas en instalaciones de control de accesos. Su construcci\u00f3n robusta y su protecci\u00f3n para exteriores lo convierten en una opci\u00f3n fiable para automatizaciones de puertas, barreras vehiculares y otros sistemas que requieren una recepci\u00f3n estable y segura.<\/p>\n","protected":false},"featured_media":18380,"comment_status":"open","ping_status":"closed","template":"","meta":[],"product_brand":[],"product_cat":[89,192,148,135,162,151,147,155,150,168,161,158,172],"product_tag":[],"class_list":{"0":"post-18366","1":"product","2":"type-product","3":"status-publish","4":"has-post-thumbnail","6":"product_cat-accesorios","7":"product_cat-accesorios-de-control-2","8":"product_cat-accesorios-de-control","9":"product_cat-barreras-automaticas","10":"product_cat-comercio","11":"product_cat-control-de-accesos","12":"product_cat-mandos-a-distancia","13":"product_cat-micomdoor-gate","14":"product_cat-receptores","15":"product_cat-sector","16":"product_cat-sector-hotelero","17":"product_cat-sector-hotelero-y-comercio","18":"product_cat-sector-residencial","20":"first","21":"instock","22":"taxable","23":"shipping-taxable","24":"purchasable","25":"product-type-simple"},"_links":{"self":[{"href":"https:\/\/masteringenieros.com\/tienda\/wp-json\/wp\/v2\/product\/18366","targetHints":{"allow":["GET"]}}],"collection":[{"href":"https:\/\/masteringenieros.com\/tienda\/wp-json\/wp\/v2\/product"}],"about":[{"href":"https:\/\/masteringenieros.com\/tienda\/wp-json\/wp\/v2\/types\/product"}],"replies":[{"embeddable":true,"href":"https:\/\/masteringenieros.com\/tienda\/wp-json\/wp\/v2\/comments?post=18366"}],"wp:featuredmedia":[{"embeddable":true,"href":"https:\/\/masteringenieros.com\/tienda\/wp-json\/wp\/v2\/media\/18380"}],"wp:attachment":[{"href":"https:\/\/masteringenieros.com\/tienda\/wp-json\/wp\/v2\/media?parent=18366"}],"wp:term":[{"taxonomy":"product_brand","embeddable":true,"href":"https:\/\/masteringenieros.com\/tienda\/wp-json\/wp\/v2\/product_brand?post=18366"},{"taxonomy":"product_cat","embeddable":true,"href":"https:\/\/masteringenieros.com\/tienda\/wp-json\/wp\/v2\/product_cat?post=18366"},{"taxonomy":"product_tag","embeddable":true,"href":"https:\/\/masteringenieros.com\/tienda\/wp-json\/wp\/v2\/product_tag?post=18366"}],"curies":[{"name":"wp","href":"https:\/\/api.w.org\/{rel}","templated":true}]}}