{"id":18365,"date":"2026-01-13T19:10:57","date_gmt":"2026-01-13T18:10:57","guid":{"rendered":"https:\/\/masteringenieros.com\/tienda\/producto\/barrera-brushless-micomdoor-gate-br-a-4m-izquierda-incluido-receptor\/"},"modified":"2026-01-20T15:32:49","modified_gmt":"2026-01-20T14:32:49","slug":"barrera-brushless-micomdoor-gate-br-a-4m-izquierda-incluido-receptor","status":"publish","type":"product","link":"https:\/\/masteringenieros.com\/tienda\/producto\/barrera-brushless-micomdoor-gate-br-a-4m-izquierda-incluido-receptor\/","title":{"rendered":"Barrera Brushless Micomdoor-Gate BR a 4m izquierda. Incluido receptor"},"content":{"rendered":"","protected":false},"excerpt":{"rendered":"<p>La Barrera Brushless Micomdoor-Gate BR de 4 metros, configurada para apertura a la izquierda, es una soluci\u00f3n profesional dise\u00f1ada para gestionar accesos vehiculares de manera eficiente, segura y estable. Gracias a su motor brushless de \u00faltima generaci\u00f3n, ofrece un movimiento suave, preciso y silencioso, con una vida \u00fatil muy superior a la de los motores tradicionales.<\/p>\n","protected":false},"featured_media":0,"comment_status":"open","ping_status":"closed","template":"","meta":[],"product_brand":[],"product_cat":[135,162,155,194,168,161,158,172],"product_tag":[],"class_list":{"0":"post-18365","1":"product","2":"type-product","3":"status-publish","5":"product_cat-barreras-automaticas","6":"product_cat-comercio","7":"product_cat-micomdoor-gate","8":"product_cat-receptores-2","9":"product_cat-sector","10":"product_cat-sector-hotelero","11":"product_cat-sector-hotelero-y-comercio","12":"product_cat-sector-residencial","14":"first","15":"instock","16":"taxable","17":"shipping-taxable","18":"purchasable","19":"product-type-simple"},"_links":{"self":[{"href":"https:\/\/masteringenieros.com\/tienda\/wp-json\/wp\/v2\/product\/18365","targetHints":{"allow":["GET"]}}],"collection":[{"href":"https:\/\/masteringenieros.com\/tienda\/wp-json\/wp\/v2\/product"}],"about":[{"href":"https:\/\/masteringenieros.com\/tienda\/wp-json\/wp\/v2\/types\/product"}],"replies":[{"embeddable":true,"href":"https:\/\/masteringenieros.com\/tienda\/wp-json\/wp\/v2\/comments?post=18365"}],"wp:attachment":[{"href":"https:\/\/masteringenieros.com\/tienda\/wp-json\/wp\/v2\/media?parent=18365"}],"wp:term":[{"taxonomy":"product_brand","embeddable":true,"href":"https:\/\/masteringenieros.com\/tienda\/wp-json\/wp\/v2\/product_brand?post=18365"},{"taxonomy":"product_cat","embeddable":true,"href":"https:\/\/masteringenieros.com\/tienda\/wp-json\/wp\/v2\/product_cat?post=18365"},{"taxonomy":"product_tag","embeddable":true,"href":"https:\/\/masteringenieros.com\/tienda\/wp-json\/wp\/v2\/product_tag?post=18365"}],"curies":[{"name":"wp","href":"https:\/\/api.w.org\/{rel}","templated":true}]}}