{"id":18353,"date":"2026-01-13T19:10:56","date_gmt":"2026-01-13T18:10:56","guid":{"rendered":"https:\/\/masteringenieros.com\/tienda\/producto\/alec-6c-tira-de-leds-6-m-2\/"},"modified":"2026-01-20T15:36:34","modified_gmt":"2026-01-20T14:36:34","slug":"alec-6c-tira-de-leds-6-m-2","status":"publish","type":"product","link":"https:\/\/masteringenieros.com\/tienda\/producto\/alec-6c-tira-de-leds-6-m-2\/","title":{"rendered":"ALEC\/6C Tira de leds 6 m"},"content":{"rendered":"","protected":false},"excerpt":{"rendered":"<p>Tira de LEDs flexible de 6 metros de longitud, ideal para iluminaci\u00f3n decorativa o funcional en interiores y exteriores. Ofrece alta eficiencia energ\u00e9tica, f\u00e1cil instalaci\u00f3n y una luz uniforme para realzar espacios con bajo consumo.<\/p>\n","protected":false},"featured_media":0,"comment_status":"open","ping_status":"closed","template":"","meta":[],"product_brand":[],"product_cat":[89,135,162,153,91,92,168,161,158,172],"product_tag":[],"class_list":{"0":"post-18353","1":"product","2":"type-product","3":"status-publish","5":"product_cat-accesorios","6":"product_cat-barreras-automaticas","7":"product_cat-comercio","8":"product_cat-otros","9":"product_cat-repuestos","10":"product_cat-roger-technology","11":"product_cat-sector","12":"product_cat-sector-hotelero","13":"product_cat-sector-hotelero-y-comercio","14":"product_cat-sector-residencial","16":"first","17":"instock","18":"taxable","19":"shipping-taxable","20":"purchasable","21":"product-type-simple"},"_links":{"self":[{"href":"https:\/\/masteringenieros.com\/tienda\/wp-json\/wp\/v2\/product\/18353","targetHints":{"allow":["GET"]}}],"collection":[{"href":"https:\/\/masteringenieros.com\/tienda\/wp-json\/wp\/v2\/product"}],"about":[{"href":"https:\/\/masteringenieros.com\/tienda\/wp-json\/wp\/v2\/types\/product"}],"replies":[{"embeddable":true,"href":"https:\/\/masteringenieros.com\/tienda\/wp-json\/wp\/v2\/comments?post=18353"}],"wp:attachment":[{"href":"https:\/\/masteringenieros.com\/tienda\/wp-json\/wp\/v2\/media?parent=18353"}],"wp:term":[{"taxonomy":"product_brand","embeddable":true,"href":"https:\/\/masteringenieros.com\/tienda\/wp-json\/wp\/v2\/product_brand?post=18353"},{"taxonomy":"product_cat","embeddable":true,"href":"https:\/\/masteringenieros.com\/tienda\/wp-json\/wp\/v2\/product_cat?post=18353"},{"taxonomy":"product_tag","embeddable":true,"href":"https:\/\/masteringenieros.com\/tienda\/wp-json\/wp\/v2\/product_tag?post=18353"}],"curies":[{"name":"wp","href":"https:\/\/api.w.org\/{rel}","templated":true}]}}