{"id":18296,"date":"2026-01-13T19:10:47","date_gmt":"2026-01-13T18:10:47","guid":{"rendered":"https:\/\/masteringenieros.com\/tienda\/producto\/microprocesador-slim-75-2\/"},"modified":"2026-01-20T16:16:38","modified_gmt":"2026-01-20T15:16:38","slug":"microprocesador-slim-75-2","status":"publish","type":"product","link":"https:\/\/masteringenieros.com\/tienda\/producto\/microprocesador-slim-75-2\/","title":{"rendered":"Microprocesador SLIM-75"},"content":{"rendered":"","protected":false},"excerpt":{"rendered":"<p>El Microprocesador SLIM-75 es el sistema de control centralizado de 16 bits que gestiona el operador de puertas autom\u00e1ticas SLIM-75 de M\u00e1ster Ingenieros. Este microprocesador optimiza el rendimiento del operador, permitiendo ajustes autom\u00e1ticos de par\u00e1metros como velocidad, frenado, presi\u00f3n de cierre y detecci\u00f3n de obst\u00e1culo<\/p>\n","protected":false},"featured_media":0,"comment_status":"open","ping_status":"closed","template":"","meta":[],"product_brand":[],"product_cat":[136,118,91,198,139],"product_tag":[],"class_list":{"0":"post-18296","1":"product","2":"type-product","3":"status-publish","5":"product_cat-operadores-puertas-automaticas","6":"product_cat-puertas-correderas-automaticas","7":"product_cat-repuestos","8":"product_cat-slim-75-2","9":"product_cat-slim-75","11":"first","12":"instock","13":"taxable","14":"shipping-taxable","15":"purchasable","16":"product-type-simple"},"_links":{"self":[{"href":"https:\/\/masteringenieros.com\/tienda\/wp-json\/wp\/v2\/product\/18296","targetHints":{"allow":["GET"]}}],"collection":[{"href":"https:\/\/masteringenieros.com\/tienda\/wp-json\/wp\/v2\/product"}],"about":[{"href":"https:\/\/masteringenieros.com\/tienda\/wp-json\/wp\/v2\/types\/product"}],"replies":[{"embeddable":true,"href":"https:\/\/masteringenieros.com\/tienda\/wp-json\/wp\/v2\/comments?post=18296"}],"wp:attachment":[{"href":"https:\/\/masteringenieros.com\/tienda\/wp-json\/wp\/v2\/media?parent=18296"}],"wp:term":[{"taxonomy":"product_brand","embeddable":true,"href":"https:\/\/masteringenieros.com\/tienda\/wp-json\/wp\/v2\/product_brand?post=18296"},{"taxonomy":"product_cat","embeddable":true,"href":"https:\/\/masteringenieros.com\/tienda\/wp-json\/wp\/v2\/product_cat?post=18296"},{"taxonomy":"product_tag","embeddable":true,"href":"https:\/\/masteringenieros.com\/tienda\/wp-json\/wp\/v2\/product_tag?post=18296"}],"curies":[{"name":"wp","href":"https:\/\/api.w.org\/{rel}","templated":true}]}}