{"id":18292,"date":"2026-01-13T19:10:47","date_gmt":"2026-01-13T18:10:47","guid":{"rendered":"https:\/\/masteringenieros.com\/tienda\/producto\/repuesto-motor-reductor-mr10-50-para-mi-50-slim-2\/"},"modified":"2026-01-20T16:18:16","modified_gmt":"2026-01-20T15:18:16","slug":"repuesto-motor-reductor-mr10-50-para-mi-50-slim-2","status":"publish","type":"product","link":"https:\/\/masteringenieros.com\/tienda\/producto\/repuesto-motor-reductor-mr10-50-para-mi-50-slim-2\/","title":{"rendered":"Repuesto Motor-Reductor MR10-50 para MI-50\/SLIM"},"content":{"rendered":"","protected":false},"excerpt":{"rendered":"<p>El Repuesto Motor-Reductor MR10-50 es un componente esencial para los operadores de puertas autom\u00e1ticas MI-50 y SLIM, fabricados por M\u00e1ster Ingenieros. Este motor-reductor est\u00e1 dise\u00f1ado para garantizar un funcionamiento eficiente y duradero en puertas de vidrio autom\u00e1ticas, proporcionando la potencia necesaria para el deslizamiento suave y seguro de las hojas.<\/p>\n","protected":false},"featured_media":0,"comment_status":"open","ping_status":"closed","template":"","meta":[],"product_brand":[],"product_cat":[137,187,136,91,198],"product_tag":[],"class_list":{"0":"post-18292","1":"product","2":"type-product","3":"status-publish","5":"product_cat-mi-50","6":"product_cat-mi-50-2","7":"product_cat-operadores-puertas-automaticas","8":"product_cat-repuestos","9":"product_cat-slim-75-2","11":"first","12":"instock","13":"taxable","14":"shipping-taxable","15":"purchasable","16":"product-type-simple"},"_links":{"self":[{"href":"https:\/\/masteringenieros.com\/tienda\/wp-json\/wp\/v2\/product\/18292","targetHints":{"allow":["GET"]}}],"collection":[{"href":"https:\/\/masteringenieros.com\/tienda\/wp-json\/wp\/v2\/product"}],"about":[{"href":"https:\/\/masteringenieros.com\/tienda\/wp-json\/wp\/v2\/types\/product"}],"replies":[{"embeddable":true,"href":"https:\/\/masteringenieros.com\/tienda\/wp-json\/wp\/v2\/comments?post=18292"}],"wp:attachment":[{"href":"https:\/\/masteringenieros.com\/tienda\/wp-json\/wp\/v2\/media?parent=18292"}],"wp:term":[{"taxonomy":"product_brand","embeddable":true,"href":"https:\/\/masteringenieros.com\/tienda\/wp-json\/wp\/v2\/product_brand?post=18292"},{"taxonomy":"product_cat","embeddable":true,"href":"https:\/\/masteringenieros.com\/tienda\/wp-json\/wp\/v2\/product_cat?post=18292"},{"taxonomy":"product_tag","embeddable":true,"href":"https:\/\/masteringenieros.com\/tienda\/wp-json\/wp\/v2\/product_tag?post=18292"}],"curies":[{"name":"wp","href":"https:\/\/api.w.org\/{rel}","templated":true}]}}