{"id":18280,"date":"2026-01-13T19:10:46","date_gmt":"2026-01-13T18:10:46","guid":{"rendered":"https:\/\/masteringenieros.com\/tienda\/producto\/cerrojo-electromagnetico-mod-mcr-1-para-mi50-2\/"},"modified":"2026-01-20T16:23:57","modified_gmt":"2026-01-20T15:23:57","slug":"cerrojo-electromagnetico-mod-mcr-1-para-mi50-2","status":"publish","type":"product","link":"https:\/\/masteringenieros.com\/tienda\/producto\/cerrojo-electromagnetico-mod-mcr-1-para-mi50-2\/","title":{"rendered":"Cerrojo electromagn\u00e9tico mod. MCR-1 para MI50"},"content":{"rendered":"","protected":false},"excerpt":{"rendered":"<p>El Cerrojo electromagn\u00e9tico MCR-1 es un dispositivo de seguridad dise\u00f1ado para puertas autom\u00e1ticas correderas, especialmente compatible con el sistema MI50 de MICOMDOOR. Este cerrojo utiliza un solenoide para su funcionamiento, permitiendo el bloqueo y desbloqueo de la puerta sin necesidad de corriente el\u00e9ctrica continua<\/p>\n","protected":false},"featured_media":0,"comment_status":"open","ping_status":"closed","template":"","meta":[],"product_brand":[],"product_cat":[89,148,192,178,151,187,160,177,149],"product_tag":[],"class_list":{"0":"post-18280","1":"product","2":"type-product","3":"status-publish","5":"product_cat-accesorios","6":"product_cat-accesorios-de-control","7":"product_cat-accesorios-de-control-2","8":"product_cat-cerrojo-electromagnetico","9":"product_cat-control-de-accesos","10":"product_cat-mi-50-2","11":"product_cat-operador-para-puerta-mi-50","12":"product_cat-seguridad-2","13":"product_cat-seguridad","15":"first","16":"instock","17":"taxable","18":"shipping-taxable","19":"purchasable","20":"product-type-simple"},"_links":{"self":[{"href":"https:\/\/masteringenieros.com\/tienda\/wp-json\/wp\/v2\/product\/18280","targetHints":{"allow":["GET"]}}],"collection":[{"href":"https:\/\/masteringenieros.com\/tienda\/wp-json\/wp\/v2\/product"}],"about":[{"href":"https:\/\/masteringenieros.com\/tienda\/wp-json\/wp\/v2\/types\/product"}],"replies":[{"embeddable":true,"href":"https:\/\/masteringenieros.com\/tienda\/wp-json\/wp\/v2\/comments?post=18280"}],"wp:attachment":[{"href":"https:\/\/masteringenieros.com\/tienda\/wp-json\/wp\/v2\/media?parent=18280"}],"wp:term":[{"taxonomy":"product_brand","embeddable":true,"href":"https:\/\/masteringenieros.com\/tienda\/wp-json\/wp\/v2\/product_brand?post=18280"},{"taxonomy":"product_cat","embeddable":true,"href":"https:\/\/masteringenieros.com\/tienda\/wp-json\/wp\/v2\/product_cat?post=18280"},{"taxonomy":"product_tag","embeddable":true,"href":"https:\/\/masteringenieros.com\/tienda\/wp-json\/wp\/v2\/product_tag?post=18280"}],"curies":[{"name":"wp","href":"https:\/\/api.w.org\/{rel}","templated":true}]}}