{"id":18253,"date":"2026-01-13T19:10:41","date_gmt":"2026-01-13T18:10:41","guid":{"rendered":"https:\/\/masteringenieros.com\/tienda\/producto\/kit-especial-operador-salida-de-emergencia-d-a-3900mm-en-blanco-2\/"},"modified":"2026-01-20T17:05:31","modified_gmt":"2026-01-20T16:05:31","slug":"kit-especial-operador-salida-de-emergencia-d-a-3900mm-en-blanco-2","status":"publish","type":"product","link":"https:\/\/masteringenieros.com\/tienda\/producto\/kit-especial-operador-salida-de-emergencia-d-a-3900mm-en-blanco-2\/","title":{"rendered":"KIT Especial Operador Salida de Emergencia-D a 3900mm en blanco"},"content":{"rendered":"","protected":false},"excerpt":{"rendered":"<p>Conjunto dise\u00f1ado para sistemas de salida de emergencia, incluye un operador tipo \u201cS\u201d especialmente adaptado para puertas de hasta 3900 mm de altura. Acabado en color blanco, combina funcionalidad, seguridad y est\u00e9tica. Ideal para instalaciones que requieren cumplir normativas de evacuaci\u00f3n sin sacrificar el dise\u00f1o. Incluye 2 radares y un selector.<\/p>\n","protected":false},"featured_media":0,"comment_status":"open","ping_status":"closed","template":"","meta":[],"product_brand":[],"product_cat":[162,165,185,124,88,157,136,159,156,118,169,168,161,158,186,127,139,119],"product_tag":[],"class_list":{"0":"post-18253","1":"product","2":"type-product","3":"status-publish","5":"product_cat-comercio","6":"product_cat-de-emergencia","7":"product_cat-de-emergencia-y-antipanico-2","8":"product_cat-de-emergencia-y-antipanico","9":"product_cat-kit-y-operadores","10":"product_cat-operador-para-puerta-slim-75","11":"product_cat-operadores-puertas-automaticas","12":"product_cat-puerta-corredera","13":"product_cat-puerta-corredera-de-emergencia","14":"product_cat-puertas-correderas-automaticas","15":"product_cat-sanitario","16":"product_cat-sector","17":"product_cat-sector-hotelero","18":"product_cat-sector-hotelero-y-comercio","19":"product_cat-sector-sanitario","20":"product_cat-sistema-de-esclusa","21":"product_cat-slim-75","22":"product_cat-telescopicas","24":"first","25":"instock","26":"taxable","27":"shipping-taxable","28":"purchasable","29":"product-type-simple"},"_links":{"self":[{"href":"https:\/\/masteringenieros.com\/tienda\/wp-json\/wp\/v2\/product\/18253","targetHints":{"allow":["GET"]}}],"collection":[{"href":"https:\/\/masteringenieros.com\/tienda\/wp-json\/wp\/v2\/product"}],"about":[{"href":"https:\/\/masteringenieros.com\/tienda\/wp-json\/wp\/v2\/types\/product"}],"replies":[{"embeddable":true,"href":"https:\/\/masteringenieros.com\/tienda\/wp-json\/wp\/v2\/comments?post=18253"}],"wp:attachment":[{"href":"https:\/\/masteringenieros.com\/tienda\/wp-json\/wp\/v2\/media?parent=18253"}],"wp:term":[{"taxonomy":"product_brand","embeddable":true,"href":"https:\/\/masteringenieros.com\/tienda\/wp-json\/wp\/v2\/product_brand?post=18253"},{"taxonomy":"product_cat","embeddable":true,"href":"https:\/\/masteringenieros.com\/tienda\/wp-json\/wp\/v2\/product_cat?post=18253"},{"taxonomy":"product_tag","embeddable":true,"href":"https:\/\/masteringenieros.com\/tienda\/wp-json\/wp\/v2\/product_tag?post=18253"}],"curies":[{"name":"wp","href":"https:\/\/api.w.org\/{rel}","templated":true}]}}