{"id":18250,"date":"2026-01-13T19:10:41","date_gmt":"2026-01-13T18:10:41","guid":{"rendered":"https:\/\/masteringenieros.com\/tienda\/producto\/kit-especial-operador-salida-de-emergencia-s-a-2500mm-en-blanco-2\/"},"modified":"2026-01-20T16:55:27","modified_gmt":"2026-01-20T15:55:27","slug":"kit-especial-operador-salida-de-emergencia-s-a-2500mm-en-blanco-2","status":"publish","type":"product","link":"https:\/\/masteringenieros.com\/tienda\/producto\/kit-especial-operador-salida-de-emergencia-s-a-2500mm-en-blanco-2\/","title":{"rendered":"KIT Especial Operador Salida de Emergencia-S a 2500mm en blanco"},"content":{"rendered":"","protected":false},"excerpt":{"rendered":"<p>Conjunto dise\u00f1ado para sistemas de salida de emergencia, incluye un operador tipo \u201cS\u201d especialmente adaptado para puertas de hasta 2500 mm de altura. Acabado en color blanco, combina funcionalidad, seguridad y est\u00e9tica. Ideal para instalaciones que requieren cumplir normativas de evacuaci\u00f3n sin sacrificar el dise\u00f1o.  Incluye 2 radares y un selector.<\/p>\n","protected":false},"featured_media":0,"comment_status":"open","ping_status":"closed","template":"","meta":[],"product_brand":[],"product_cat":[162,165,124,185,88,136,159,156,118,169,168,161,158,172,186,177,127,139,119],"product_tag":[],"class_list":{"0":"post-18250","1":"product","2":"type-product","3":"status-publish","5":"product_cat-comercio","6":"product_cat-de-emergencia","7":"product_cat-de-emergencia-y-antipanico","8":"product_cat-de-emergencia-y-antipanico-2","9":"product_cat-kit-y-operadores","10":"product_cat-operadores-puertas-automaticas","11":"product_cat-puerta-corredera","12":"product_cat-puerta-corredera-de-emergencia","13":"product_cat-puertas-correderas-automaticas","14":"product_cat-sanitario","15":"product_cat-sector","16":"product_cat-sector-hotelero","17":"product_cat-sector-hotelero-y-comercio","18":"product_cat-sector-residencial","19":"product_cat-sector-sanitario","20":"product_cat-seguridad-2","21":"product_cat-sistema-de-esclusa","22":"product_cat-slim-75","23":"product_cat-telescopicas","25":"first","26":"instock","27":"taxable","28":"shipping-taxable","29":"purchasable","30":"product-type-simple"},"_links":{"self":[{"href":"https:\/\/masteringenieros.com\/tienda\/wp-json\/wp\/v2\/product\/18250","targetHints":{"allow":["GET"]}}],"collection":[{"href":"https:\/\/masteringenieros.com\/tienda\/wp-json\/wp\/v2\/product"}],"about":[{"href":"https:\/\/masteringenieros.com\/tienda\/wp-json\/wp\/v2\/types\/product"}],"replies":[{"embeddable":true,"href":"https:\/\/masteringenieros.com\/tienda\/wp-json\/wp\/v2\/comments?post=18250"}],"wp:attachment":[{"href":"https:\/\/masteringenieros.com\/tienda\/wp-json\/wp\/v2\/media?parent=18250"}],"wp:term":[{"taxonomy":"product_brand","embeddable":true,"href":"https:\/\/masteringenieros.com\/tienda\/wp-json\/wp\/v2\/product_brand?post=18250"},{"taxonomy":"product_cat","embeddable":true,"href":"https:\/\/masteringenieros.com\/tienda\/wp-json\/wp\/v2\/product_cat?post=18250"},{"taxonomy":"product_tag","embeddable":true,"href":"https:\/\/masteringenieros.com\/tienda\/wp-json\/wp\/v2\/product_tag?post=18250"}],"curies":[{"name":"wp","href":"https:\/\/api.w.org\/{rel}","templated":true}]}}